igit of q?
0
Suppose -4*l + 1530 = 378. What is the tens digit of l/28 + 4/(-14)?
1
Suppose 0 = -4*i + 4*h - 24, 4*i + 4*h = -0*h. Let r(u) = -13*u + 3. What is the units digit of r(i)?
2
Suppose 0 = -3*c + 29 + 349. What is the units digit of c?
6
Let t be (3/4)/(9/72). Suppose -2*s + t*s = 44. What is the units digit of s?
1
Let x = 16 - -3. Suppose t - 2 = 2, -4*t + x = n. Suppose -29 = -2*g + n*i - 11, 20 = 4*g - 2*i. What is the units digit of g?
3
Let w(y) = -y**2 - 3*y + 4. Let b be w(-4). Suppose -2*u + b = -18. What is the units digit of u?
9
Suppose 0 = 4*z - 6*z - 40. Let c = -8 - z. What is the tens digit of c?
1
Suppose -f + 2 = 4. What is the units digit of (1/f)/(3/(-78))?
3
Let o be ((-6)/(-8))/(4/16). Let k be o*(-3)/6*2. What is the units digit of (k/(-6))/(2/4)?
1
What is the units digit of 0 + -4 + 23 + -1?
8
Let n = 13 - 12. Let o = n - -1. What is the units digit of o?
2
Let w = -11 + 1. Let s be 747/15 - 2/w. Suppose -5*r + 5 = -s. What is the tens digit of r?
1
Suppose 5*j - 36 = -6. Let d be (-2)/18*-3*9. Suppose u + d*z - 22 = 0, -z - j = -5*u + 24. What is the units digit of u?
7
Suppose -l + 9 = -8*i + 3*i, 3*i - 105 = -4*l. What is the units digit of (0 - 2) + l - -1?
3
Suppose -68*g = -73*g + 350. What is the tens digit of g?
7
Let p(z) = 7*z**3 - z**2 + z - 1. Let i be p(1). Let x(g) = 3 - g + 0*g + 2*g. What is the units digit of x(i)?
9
Let b(h) = 21*h + 4. Let m be b(6). Suppose 2*v - t - 43 = 7, 5*v - m = 5*t. What is the tens digit of v?
2
Let l = -4 - -9. Suppose -4*k - 40 = -3*m - 5*k, 0 = -m + l*k + 24. What is the tens digit of m?
1
Let l = -356 + 498. What is the units digit of l?
2
Let d be (-1 + 2)*1 + 3. Suppose 0 = -2*z - 0*z + d. What is the units digit of z/(2 + -6)*-14?
7
Suppose -o - o - 122 = -3*a, -30 = -a - 2*o. What is the units digit of a?
8
Let q(b) = b**3 + 13*b**2 + 15*b - 10. What is the tens digit of q(-10)?
4
Suppose -42 = -5*f - 22. What is the units digit of f?
4
Suppose 0 = 4*t - 20 + 4. Let c be t + -4 + 1 + 3. Let p(z) = z**2 - 3*z. What is the units digit of p(c)?
4
Suppose -2 = -p + 3. Suppose 5*n - 8*t - 30 = -3*t, -5*t = p*n. Let b = n + -1. What is the units digit of b?
2
Suppose 153 = 3*g - y - 65, 5*g + 5*y - 330 = 0. What is the units digit of g?
1
Let c be 6/(9/6 - 0). Let m(k) = 3 - c + 2 + k. What is the units digit of m(6)?
7
Suppose 25 - 5 = 4*q. Suppose 4*u = s - 0*s - q, -2*s = 4*u - 10. What is the units digit of 3*(s/3 + -1)?
2
Let f(m) = m + 17. Let o = 6 + -17. What is the units digit of f(o)?
6
Let b(v) = 0*v - 6 - 2*v + 0*v + 5*v. What is the units digit of b(4)?
6
Let s = 4 + 1. Let v(g) = g**2 + 12*g - 7. Let h(q) = q**2 + 6*q - 4. Let m(i) = s*h(i) - 3*v(i). What is the units digit of m(4)?
9
Let l be 399/12 - 1/4. Suppose -4*r + r = -l. Let w = r + -4. What is the units digit of w?
7
Let c = -1 - -67. Suppose 5*k = c - 26. What is the units digit of k?
8
Suppose 0*s = 2*s - 328. Let j be s/24 + 1/6. Let n(v) = v - 1. What is the units digit of n(j)?
6
Suppose 5*h + 112 = -3*r - 103, -5*h + 3*r = 185. Let l = -26 - h. What is the tens digit of l?
1
Let i(f) = f**2 - f - 8. Let d be i(7). Let j = d - 20. What is the units digit of j?
4
Let h be (-480)/(-9) + (-2)/(-3). What is the tens digit of h/4 + (-8)/16?
1
Let p(s) = s. What is the units digit of p(4)?
4
Suppose -i - 3 = 4*g, i = -g - 0*g + 3. Suppose 0 = -0*t + i*t. Suppose t = -4*a + a + 51. What is the tens digit of a?
1
Let h = 2 - -9. Let s = -7 + h. What is the units digit of s?
4
Suppose -3 - 3 = -2*l. Suppose -2*k = -2*h + 1 + 1, 3 = -5*k + l*h. Suppose 2*f + 2 = 5*g - k, -6 = -4*f + 5*g. What is the units digit of f?
4
Let k(m) = 1 - m + 21*m**3 - m**2 + 0*m**2 - 8*m**3. Let j be 6/10 + 4/10. What is the units digit of k(j)?
2
Let w(f) be the first derivative of -7*f**2/2 + 2. Let x be w(-1). What is the units digit of (x/21)/(2/54)?
9
Suppose -3*o = -o - 5*c + 4, -o - 3*c = -9. What is the units digit of o?
3
Suppose -4*t + 7*t - 27 = 0. Let u = 22 - t. What is the units digit of u?
3
Let d = -40 - -73. What is the units digit of d?
3
Suppose -2*b - 3*b = -55. Let o = b + 0. Let r = o - 7. What is the units digit of r?
4
Let l = -1 - -5. Suppose 3*b - 8 = l. Suppose -2*h + 6 = 2*x, -x + 55 = 5*h - b*x. What is the units digit of h?
8
Let a(b) = 8*b**2 + 11*b - 7. Let d(g) = 7*g**2 + 11*g - 6. Let o(h) = -4*a(h) + 5*d(h). What is the units digit of o(-5)?
8
Let f = 71 + -67. What is the units digit of f?
4
Suppose 0 = -u - k + 27, -u = -2*k + 23 - 59. What is the units digit of u?
0
Let b = 20 - 32. Let z(h) = -h**2 - 11*h + 16. Let j be z(b). Suppose -5*u = -j*u - 1. What is the units digit of u?
1
Let y(z) = -z**3 - 9*z**2 - 7*z + 6. Let i be y(-8). What is the units digit of 206/10 - i/5?
1
Suppose -3*b - 3 = -6. Let f be b*(-14 - (0 + -1)). Let u = f - -25. What is the tens digit of u?
1
Let r(m) be the third derivative of -m**6/120 - 3*m**5/20 - 7*m**4/24 + 11*m**3/6 - 3*m**2. What is the units digit of r(-8)?
3
Let u(v) = -v**2 - 11*v + 15. Suppose 32 = -5*h - 23. What is the units digit of u(h)?
5
Let j(g) = 2*g - 3. What is the units digit of j(5)?
7
Let g be 10/6 - (-2)/6. Let b = 3 - g. Let d = 4 + b. What is the units digit of d?
5
Let h(c) = 4*c**3 + c**2 + c - 1. Let t be h(1). Suppose t*u + 23 = 83. What is the units digit of u?
2
Let r = -44 + 28. What is the tens digit of 68/3 - r/(-24)?
2
Let p(y) = y + 4. Let q be p(-2). Suppose h + q = 29. What is the units digit of h?
7
Suppose 0 = g + 3*h + 1, g + 0*g - 11 = 3*h. Let y = 5 - g. Suppose -c + y*c + 8 = 0. What is the units digit of c?
8
Let l = -9 + 6. Let s(i) = 2*i**2 + 16*i + 13. Let g(z) = z**2 + 8*z + 6. Let r(u) = -9*g(u) + 4*s(u). What is the tens digit of r(l)?
1
Suppose -4*o = -2*m - 12, -4*o - 2 + 0 = 5*m. Let s be -2 + (-8)/m + 6. Suppose -3*k + 35 = s. What is the units digit of k?
9
Let o = -139 - -258. What is the units digit of o?
9
What is the units digit of 5*7 + 3 + -4?
4
Let p be (2/6)/(14/42). Let q = 10 - 4. Let y = p + q. What is the units digit of y?
7
Let n = -5 - -5. Suppose -j + 0*l + 10 = -2*l, -4*l - 16 = n. What is the units digit of j?
2
Suppose 0 = v + 4*v - 145. Suppose -r - 3*r + 53 = -3*d, -2*r + d = -v. What is the units digit of r?
7
Suppose 4*u = 4, 3*v + 0*u = -4*u - 116. Let c = v - -66. Suppose -c + 8 = -2*y. What is the units digit of y?
9
Suppose w = 13 - 3. Suppose -d - d = -w. What is the units digit of d?
5
Let n(j) = j + 1. Let x be n(1). Suppose 13 = -3*z - x. Let s(w) = w**2 + 2*w + 2. What is the tens digit of s(z)?
1
Let s = -10 - -5. Let x = -3 - s. What is the units digit of 158/18 + x/9?
9
Let n(u) = u**2 + u - 3. Let j be n(-3). Suppose -4*l + 37 = -j. What is the tens digit of l?
1
Suppose 0 = 5*m - 108 - 387. What is the tens digit of m?
9
Let o(v) = 2*v**2 - 2*v - 2. Let r be o(2). Suppose 0 = 4*n + 5*q - 137, 0*n = -r*n - 3*q + 69. What is the units digit of n?
3
Suppose -2380 = 27*p - 37*p. What is the tens digit of p?
3
What is the units digit of ((-2)/3)/(3/(-27))?
6
Suppose -q + 31 + 33 = 0. What is the tens digit of q?
6
Let j be 26/(-22) + 8/44. Let h be (0 - (1 - -2)) + j. What is the units digit of (-20)/(-16) + 1/h?
1
Let t be 1*(1 + 1) + 0. What is the units digit of 2 - t - (-1 + -2)?
3
Let p = 3 - 0. Let z(h) = h**2 + 4*h + 5. Let c be z(-4). Suppose 5*g + 25 = 0, -p*j + 15 = 2*j + c*g. What is the units digit of j?
8
Suppose 0*c - 2*c = -4. Suppose c*g + 0*g - 4 = 0. Suppose -18 = -g*x - 0*x. What is the units digit of x?
9
Let s(v) = 2*v - 5*v + 12 + 4*v. Let o(f) = f - 8. Let n be o(0). What is the units digit of s(n)?
4
Suppose 0 = -3*v + 4*v - 5. Suppose 3*i = -5*d + 5*i + 244, -3*d + 154 = -v*i. What is the units digit of ((-30)/(-8))/(18/d)?
0
Let j be (-6 + 4)*(-1 - 0). What is the units digit of 1/(6/9)*j?
3
What is the units digit of 1*(10*-68)/(-4) - 3?
7
Suppose 1 - 4 = -3*i. Let k(p) = p. Let w be k(i). Let c = 2 + w. What is the units digit of c?
3
Let x(i) = -i**3 - 5*i**2 + i + 5. Let p be x(-5). Suppose -3*q = -p*q - 33. What is the units digit of q?
1
Let r be (-13 - -1)*20/(-8). Suppose 5*q + 3*l - r = 0, l - 8 = -q - 0*l. What is the units digit of q?
3
Let r = -11 - -6. Let d = 14 + r. Suppose 4*o + d = 37. What is the units digit